remainder when 1631 is divided by 23?
21
What is the remainder when 4086 is divided by 73?
71
What is the remainder when 2075 is divided by 77?
73
What is the remainder when 375 is divided by 54?
51
Calculate the remainder when 2916 is divided by 196.
172
What is the remainder when 2965 is divided by 979?
28
Calculate the remainder when 1170 is divided by 65.
0
Calculate the remainder when 92 is divided by 31.
30
Calculate the remainder when 1522 is divided by 25.
22
Calculate the remainder when 323 is divided by 11.
4
What is the remainder when 301 is divided by 17?
12
Calculate the remainder when 621 is divided by 208.
205
What is the remainder when 668 is divided by 39?
5
What is the remainder when 187 is divided by 62?
1
What is the remainder when 5 is divided by 2?
1
What is the remainder when 63 is divided by 21?
0
What is the remainder when 10 is divided by 6?
4
Calculate the remainder when 479 is divided by 27.
20
What is the remainder when 29 is divided by 18?
11
Calculate the remainder when 267 is divided by 14.
1
What is the remainder when 91 is divided by 70?
21
Calculate the remainder when 641 is divided by 107.
106
Calculate the remainder when 459 is divided by 92.
91
What is the remainder when 1256 is divided by 59?
17
Calculate the remainder when 22 is divided by 4.
2
Calculate the remainder when 588 is divided by 82.
14
Calculate the remainder when 885 is divided by 81.
75
What is the remainder when 216 is divided by 3?
0
Calculate the remainder when 134 is divided by 9.
8
What is the remainder when 2279 is divided by 175?
4
What is the remainder when 2658 is divided by 20?
18
What is the remainder when 500 is divided by 24?
20
What is the remainder when 338 is divided by 93?
59
What is the remainder when 3535 is divided by 68?
67
What is the remainder when 188 is divided by 20?
8
Calculate the remainder when 135 is divided by 63.
9
Calculate the remainder when 311 is divided by 26.
25
Calculate the remainder when 247 is divided by 83.
81
Calculate the remainder when 52 is divided by 6.
4
Calculate the remainder when 592 is divided by 5.
2
What is the remainder when 1480 is divided by 107?
89
Calculate the remainder when 419 is divided by 92.
51
What is the remainder when 45 is divided by 12?
9
What is the remainder when 1166 is divided by 73?
71
What is the remainder when 766 is divided by 154?
150
Calculate the remainder when 236 is divided by 10.
6
Calculate the remainder when 216 is divided by 7.
6
Calculate the remainder when 788 is divided by 88.
84
What is the remainder when 231 is divided by 34?
27
What is the remainder when 818 is divided by 82?
80
What is the remainder when 2606 is divided by 79?
78
What is the remainder when 1851 is divided by 67?
42
Calculate the remainder when 787 is divided by 9.
4
Calculate the remainder when 5979 is divided by 34.
29
What is the remainder when 116 is divided by 41?
34
What is the remainder when 160 is divided by 54?
52
What is the remainder when 746 is divided by 352?
42
What is the remainder when 53 is divided by 28?
25
Calculate the remainder when 472 is divided by 48.
40
What is the remainder when 548 is divided by 80?
68
What is the remainder when 1345 is divided by 67?
5
Calculate the remainder when 450 is divided by 84.
30
What is the remainder when 261 is divided by 170?
91
Calculate the remainder when 296 is divided by 61.
52
What is the remainder when 486 is divided by 239?
8
What is the remainder when 5818 is divided by 15?
13
Calculate the remainder when 451 is divided by 5.
1
Calculate the remainder when 340 is divided by 23.
18
Calculate the remainder when 2696 is divided by 163.
88
Calculate the remainder when 2169 is divided by 70.
69
What is the remainder when 158 is divided by 32?
30
What is the remainder when 158 is divided by 20?
18
What is the remainder when 10207 is divided by 12?
7
Calculate the remainder when 792 is divided by 3.
0
What is the remainder when 125 is divided by 18?
17
What is the remainder when 174 is divided by 84?
6
Calculate the remainder when 909 is divided by 65.
64
What is the remainder when 4385 is divided by 6?
5
What is the remainder when 204 is divided by 41?
40
What is the remainder when 11241 is divided by 73?
72
Calculate the remainder when 53 is divided by 13.
1
What is the remainder when 19904 is divided by 158?
154
What is the remainder when 306 is divided by 276?
30
Calculate the remainder when 788 is divided by 36.
32
What is the remainder when 1436 is divided by 30?
26
Calculate the remainder when 14604 is divided by 127.
126
What is the remainder when 486 is divided by 122?
120
What is the remainder when 137 is divided by 10?
7
Calculate the remainder when 690 is divided by 350.
340
Calculate the remainder when 3422 is divided by 386.
334
Calculate the remainder when 254 is divided by 96.
62
What is the remainder when 29 is divided by 8?
5
Calculate the remainder when 513 is divided by 12.
9
What is the remainder when 158 is divided by 19?
6
What is the remainder when 50 is divided by 14?
8
Calculate the remainder when 94 is divided by 5.
4
Calculate the remainder when 138 is divided by 55.
28
Calculate the remainder when 2138 is divided by 23.
22
Calculate the remainder when 55 is divided by 19.
17
What is the remainder when 616 is divided by 39?
31
What is the remainder when 146 is divided by 61?
24
Calculate the remainder when 6566 is divided by 33.
32
What is the remainder when 99 is divided by 29?
12
Calculate the remainder when 2313 is divided by 40.
33
Calculate the remainder when 1557 is divided by 5.
2
What is the remainder when 182 is divided by 81?
20
Calculate the remainder when 1772 is divided by 224.
204
Calculate the remainder when 193 is divided by 28.
25
What is the remainder when 40755 is divided by 92?
91
Calculate the remainder when 645 is divided by 92.
1
Calculate the remainder when 688 is divided by 17.
8
What is the remainder when 197 is divided by 3?
2
What is the remainder when 351 is divided by 32?
31
Calculate the remainder when 488 is divided by 70.
68
What is the remainder when 381 is divided by 35?
31
Calculate the remainder when 117 is divided by 31.
24
Calculate the remainder when 2378 is divided by 299.
285
What is the remainder when 1179 is divided by 10?
9
What is the remainder when 40 is divided by 6?
4
What is the remainder when 9643 is divided by 3214?
1
What is the remainder when 296 is divided by 60?
56
Calculate the remainder when 70 is divided by 20.
10
Calculate the remainder when 866 is divided by 13.
8
What is the remainder when 298 is divided by 50?
48
What is the remainder when 2107 is divided by 42?
7
What is the remainder when 324 is divided by 45?
9
What is the remainder when 117 is divided by 23?
2
What is the remainder when 524 is divided by 255?
14
What is the remainder when 15388 is divided by 135?
133
Calculate the remainder when 59 is divided by 12.
11
What is the remainder when 187 is divided by 9?
7
Calculate the remainder when 27 is divided by 18.
9
Calculate the remainder when 794 is divided by 263.
5
Calculate the remainder when 233 is divided by 10.
3
Calculate the remainder when 208 is divided by 18.
10
What is the remainder when 413 is divided by 46?
45
What is the remainder when 807 is divided by 202?
201
What is the remainder when 824 is divided by 18?
14
What is the remainder when 488 is divided by 74?
44
What is the remainder when 21 is divided by 6?
3
Calculate the remainder when 2020 is divided by 503.
8
What is the remainder when 1199 is divided by 282?
71
Calculate the remainder when 180 is divided by 86.
8
What is the remainder when 14 is divided by 2?
0
Calculate the remainder when 808 is divided by 15.
13
What is the remainder when 7191 is divided by 109?
106
Calculate the remainder when 64 is divided by 28.
8
What is the remainder when 51 is divided by 36?
15
What is the remainder when 245 is divided by 82?
81
What is the remainder when 11 is divided by 8?
3
What is the remainder when 233 is divided by 26?
25
Calculate the remainder when 398 is divided by 58.
50
What is the remainder when 79 is divided by 43?
36
Calculate the remainder when 1817 is divided by 86.
11
Calculate the remainder when 215 is divided by 185.
30
Calculate the remain